8149
What are the prime factors of 20086219?
20086219
What are the prime factors of 16713627?
3, 7, 43, 83, 223
List the prime factors of 1864073067.
3, 421, 631, 2339
What are the prime factors of 52222923?
3, 5802547
What are the prime factors of 737853999?
3, 19, 41, 157, 2011
What are the prime factors of 92205200?
2, 5, 59, 3907
List the prime factors of 2820786.
2, 3, 470131
What are the prime factors of 2026109151?
3, 11, 20465749
List the prime factors of 2520383497.
19, 227, 311, 1879
List the prime factors of 37164360.
2, 3, 5, 337, 919
List the prime factors of 151733058.
2, 3, 17, 1487579
What are the prime factors of 388518450?
2, 3, 5, 47, 55109
What are the prime factors of 264183658?
2, 23, 43, 5807
List the prime factors of 1422533450.
2, 5, 13, 37, 59149
List the prime factors of 441178397.
11, 40107127
What are the prime factors of 163533732?
2, 3, 71, 367, 523
List the prime factors of 439860909.
3, 241, 608383
What are the prime factors of 2489570042?
2, 1244785021
List the prime factors of 75222924.
2, 3, 7, 37, 24203
What are the prime factors of 3714869126?
2, 127, 14625469
List the prime factors of 120501528.
2, 3, 7, 717271
What are the prime factors of 47270301?
3, 13, 421, 2879
List the prime factors of 70357130.
2, 5, 7035713
What are the prime factors of 2007766593?
3, 7, 79, 109, 3701
What are the prime factors of 2823650734?
2, 17, 347, 239333
What are the prime factors of 6554450925?
3, 5, 11, 2648263
List the prime factors of 11691270.
2, 3, 5, 19, 43, 53
List the prime factors of 262729364.
2, 5563, 11807
List the prime factors of 89169497.
149, 359, 1667
List the prime factors of 910889583.
3, 19, 15980519
What are the prime factors of 299269890?
2, 3, 5, 369469
List the prime factors of 165134575.
5, 2473, 2671
List the prime factors of 1665305772.
2, 3, 13, 10675037
List the prime factors of 90764667.
3, 7, 167, 8627
What are the prime factors of 553622019?
3, 19, 511193
What are the prime factors of 74050988?
2, 11, 43, 39139
List the prime factors of 432840540.
2, 3, 5, 11, 137, 4787
List the prime factors of 85041435.
3, 5, 19, 103, 2897
What are the prime factors of 149368988?
2, 37342247
List the prime factors of 116777890.
2, 5, 11677789
What are the prime factors of 70576085?
5, 61, 149, 1553
List the prime factors of 4951762.
2, 23, 107647
List the prime factors of 93176167.
7, 17, 782993
What are the prime factors of 3709089104?
2, 7, 17, 19, 97, 151
List the prime factors of 113766023.
7, 17, 359, 2663
List the prime factors of 537325501.
53, 10138217
What are the prime factors of 1633237946?
2, 816618973
What are the prime factors of 1320187731?
3, 31, 653, 21739
What are the prime factors of 557627354?
2, 43, 311, 20849
What are the prime factors of 47325209?
47325209
What are the prime factors of 3133931393?
53, 59130781
What are the prime factors of 11559194?
2, 53, 109049
What are the prime factors of 39877969?
2333, 17093
What are the prime factors of 605078698?
2, 7, 43219907
What are the prime factors of 688306843?
7, 113, 870173
List the prime factors of 1119170113.
179, 6252347
List the prime factors of 9998591.
29, 73, 4723
List the prime factors of 225893571.
3, 75297857
What are the prime factors of 122493265?
5, 103, 237851
What are the prime factors of 200756912?
2, 12547307
What are the prime factors of 83299100?
2, 5, 23, 36217
List the prime factors of 498993305.
5, 99798661
What are the prime factors of 5175958452?
2, 3, 7, 61618553
What are the prime factors of 129079038?
2, 3, 11, 73, 367
What are the prime factors of 13739638?
2, 11, 17, 2161
List the prime factors of 5827879.
61, 95539
What are the prime factors of 165705303?
3, 55235101
List the prime factors of 32760887.
17, 1927111
List the prime factors of 1628927082.
2, 3, 90495949
List the prime factors of 20430482.
2, 101, 101141
What are the prime factors of 857130406?
2, 11, 59, 660347
List the prime factors of 4193003899.
7, 2713, 220789
What are the prime factors of 78753159?
3, 8750351
What are the prime factors of 255674089?
11, 19, 111211
What are the prime factors of 62452949?
13, 71, 953
List the prime factors of 445330451.
445330451
What are the prime factors of 38906490?
2, 3, 5, 7, 19, 199
What are the prime factors of 976656278?
2, 13, 19, 883, 2239
List the prime factors of 3761333479.
3761333479
List the prime factors of 117563295.
3, 5, 7837553
List the prime factors of 397003264.
2, 7, 110771
What are the prime factors of 80614295?
5, 16122859
What are the prime factors of 228919676?
2, 19, 3012101
What are the prime factors of 31477912?
2, 3934739
List the prime factors of 2429644367.
47, 59, 397, 2207
List the prime factors of 698070110.
2, 5, 199, 350789
What are the prime factors of 579896376?
2, 3, 24162349
List the prime factors of 2365221104.
2, 147826319
What are the prime factors of 50466679?
19, 2656141
List the prime factors of 82639817.
13, 488993
List the prime factors of 252002848.
2, 7875089
List the prime factors of 12651437.
12651437
List the prime factors of 10725690.
2, 3, 5, 19, 31, 607
What are the prime factors of 204846753?
3, 17, 653, 6151
List the prime factors of 214998729.
3, 11, 587, 1009
What are the prime factors of 6979298938?
2, 13259, 263191
List the prime factors of 53342426.
2, 29, 61, 15077
What are the prime factors of 13306684?
2, 3326671
What are the prime factors of 744416148?
2, 3, 7, 8862097
List the prime factors of 2293137587.
13, 7829, 22531
What are the prime factors of 359416230?
2, 3, 5, 73, 164117
What are the prime factors of 75159729?
3, 67, 124643
List the prime factors of 2932656815.
5, 11, 37, 41, 35149
What are the prime factors of 1734734290?
2, 5, 23, 107, 70489
What are the prime factors of 76823747?
7, 11, 13, 6977
What are the prime factors of 541380662?
2, 757, 357583
List the prime factors of 391163174.
2, 43, 239, 19031
What are the prime factors of 723574175?
5, 73, 396479
List the prime factors of 325552895.
5, 65110579
What are the prime factors of 2418817921?
13, 8963, 20759
What are the prime factors of 194185290?
2, 3, 5, 13, 311, 1601
List the prime factors of 3250629200.
2, 5, 7, 13, 89303
List the prime factors of 13856315.
5, 11, 37, 619
What are the prime factors of 2255608273?
25367, 88919
What are the prime factors of 172070?
2, 5, 17207
What are the prime factors of 42917960?
2, 5, 19, 149, 379
What are the prime factors of 570907130?
2, 5, 43, 967, 1373
List the prime factors of 15180990.
2, 3, 5, 11, 179, 257
What are the prime factors of 369993353?
47, 211, 37309
List the prime factors of 2766241168.
2, 172890073
List the prime factors of 1515229526.
2, 29, 26124647
What are the prime factors of 81002295?
3, 5, 11, 54547
What are the prime factors of 1752320106?
2, 3, 19, 5123743
List the prime factors of 58512479.
58512479
What are the prime factors of 201281864?
2, 7, 3594319
List the prime factors of 226656452.
2, 11, 1847, 2789
List the prime factors of 1154690574.
2, 3, 23, 659, 12697
List the prime factors of 87977632.
2, 2749301
List the prime factors of 17291529.
3, 163, 3929
What are the prime factors of 8132086?
2, 17, 239179
What are the prime factors of 13138301?
11, 9871
What are the prime factors of 49025668?
2, 41, 298937
What are the prime factors of 1371774448?
2, 11, 7794173
List the prime factors of 5211018524.
2, 12821, 101611
What are the prime factors of 888012388?
2, 4057, 54721
What are the prime factors of 2701210327?
31, 87135817
What are the prime factors of 117703690?
2, 5, 13, 905413
What are the prime factors of 673485115?
5, 19, 167, 42451
What are the prime factors of 330313733?
101, 3270433
List the prime factors of 36592233.
3, 19, 641969
What are the prime factors of 5627057271?
3, 11, 19, 43, 113, 1847
List the prime factors of 2897665536.
2, 3, 421, 4481
List the prime factors of 401283331.
401283331
List the prime factors of 320070210.
2, 3, 5, 10669007
What are the prime factors of 298921580?
2, 5, 283, 52813
List the prime factors of 3508300510.
2, 5, 11, 13, 103, 23819
What are the prime factors of 2030932770?
2, 3, 5, 1877, 36067
What are the prime factors of 30633802?
2, 29, 43, 71, 173
List the prime factors of 118573105.
5, 7, 3387803
List the prime factors of 662868859.
8